f -19 - -6 - -8 - (-7 - -1)?
1
Calculate 4 - (14 - (9 - 5)).
-6
What is the value of -106 + 104 - (6 + 2)?
-10
What is the value of 7 + -1 + (3 - 4)?
5
(23 - 30) + 5 + -2
-4
Calculate (-1 - -2) + 22 + -28.
-5
4 - 6 - (-8 - 0)
6
What is 0 - (-1 + 0 - -6)?
-5
Calculate (1 - 0) + -3 + (-6 - -8).
0
Evaluate -7 - (-4 + (-5 - -1)).
1
Evaluate 9 - (36 - 34 - (0 + 1)).
8
-3 + (2 - (-2 + 4))
-3
50 - 44 - (3 - -2 - 2)
3
Evaluate 15 - ((10 - (-3 - -7)) + 0).
9
Evaluate 9 + 12 + -13 + -5.
3
Calculate 26 + -30 + 2 + -2 + -4.
-8
(9 - (7 - 1)) + 2 + -6
-1
What is 12 + -9 + (5 - 0) - 3?
5
What is the value of 6 + (-2 + 2 - -2) + -9?
-1
-3 - ((1 - 3) + -1 + -5)
5
Calculate (-3 + 5 - 0) + 2 + -2.
2
What is the value of (3 - -1) + (-9 - -12)?
7
Calculate 1 + -6 + 5 - 1.
-1
Evaluate (3 - 5) + (6 - (-2 + 4)).
2
What is 1 - (-2 + 0 + -3 + 3)?
3
What is the value of -5 + (-5 - -3) + 7?
0
-4 + (6 - (2 + 1))
-1
Evaluate 1 + -2 - (-12 + 11).
0
Calculate 1 + -6 - (12 - 1 - 15).
-1
Evaluate (2 + -12 - 2) + 11.
-1
What is the value of (3 - (0 - -6) - -4) + -4?
-3
What is (6 - 7) + (1 - -2)?
2
What is (4 - 8) + -1 - (-6 + -2)?
3
What is 0 + 1 - (-12 - -15)?
-2
What is the value of 4 - (-9 + 2 + 4 - -1)?
6
Calculate -5 - -1 - (4 - 2).
-6
Evaluate 2 - (13 - 20 - 0).
9
What is 2 + -4 + (-7 + 4 - 0)?
-5
8 - (7 + (-15 - (0 + -7)))
9
Evaluate -13 + 2 + (13 - 2 - 6).
-6
What is -4 + -4 + 1 + 4 - 2?
-5
(-4 - 0 - -7) + 2
5
Calculate -1 - -10 - (-56 - -58).
7
Evaluate 1 + -5 + (-4 - -17) + -4.
5
-6 + 9 + -5 + 0
-2
What is 6 - 4 - (-2 + 0)?
4
Calculate -2 + (2 - (-4 - -9) - -1).
-4
What is (0 - 0 - 0) + 2?
2
What is the value of -2 + 1 + 1 + (-6 - -4)?
-2
Evaluate -7 - (-7 - (-2 - 2)).
-4
What is (0 - (1 - -16)) + 9?
-8
(0 - 3) + 1 + 1
-1
What is 0 + -1 + (4 - -10 - 9)?
4
1 + -3 - (6 + -8) - -3
3
What is the value of 0 + 4 + (-4 - -2)?
2
What is the value of -7 - (-9 - (-5 - 1))?
-4
What is 8 + -4 + 1 - 3?
2
What is -5 + 6 - -1 - -4 - 6?
0
What is -4 - ((4 - 12) + 3)?
1
What is 5 + -8 + 13 + -2 + 0?
8
What is the value of -3 - -7 - (2 + 7)?
-5
What is 4 + 0 + -2 - 0?
2
What is the value of -5 - (-11 - -6) - 9?
-9
Evaluate (-51 - -64) + (2 - 16).
-1
Evaluate 2 + (0 - (-2 - -2)) + -4.
-2
(-2 + 5 + -4 - 0) + 1
0
Evaluate -7 + (12 - (7 + -7)).
5
1 + 2 - (-10 - -9)
4
What is (4 - 1 - -2) + -3?
2
What is the value of 1 + 0 + (4 - 5) + -4?
-4
Calculate -1 + (-10 - -5) + (1 - 0).
-5
Evaluate (6 + -19 - -8) + 7.
2
Calculate (7 - 4 - 3) + -5 + 9.
4
What is the value of -7 - -3 - -1 - -2?
-1
What is -3 - (-7 + (6 - (0 - 0)))?
-2
Evaluate 3 - (-5 - (-4 + -5)).
-1
What is the value of 5 + (2 - -4) - 5?
6
What is the value of 23 + -28 + (6 - 1)?
0
What is -2 - (2 + 2 - 1)?
-5
What is (-2 + 4 - 3) + (-4 - -4)?
-1
Calculate 0 - ((5 - (-5 - 2)) + -8).
-4
What is the value of -4 - (-4 + -3 - -2)?
1
Evaluate (3 - (-1 + 0)) + 12 + -9.
7
What is -1 - -3 - 4 - -7 - 3?
2
What is -15 + 0 + 11 - 1?
-5
What is (8 - 5) + (-1 - 6)?
-4
What is the value of 12 - (-4 + 7) - 15?
-6
What is the value of 4 + -2 + 2 + -5?
-1
Evaluate -4 + 4 + 1 + -2.
-1
Evaluate -1 + (-4 - (-4 - 3)).
2
(-11 - -7) + (-8 - -8)
-4
What is 4 + 3 + -7 - (2 + -3)?
1
0 + -5 - (-2 + 8 - 5)
-6
7 + -8 - (0 + 1)
-2
What is the value of 0 + 2 + -7 - 0?
-5
What is 3 + -1 + -6 + 5?
1
Evaluate (1 - 11) + (1 - -15).
6
-5 + 13 + 24 + -29
3
5 - (3 + -1 + -2)
5
What is the value of -5 - (-3 + -9 + 7)?
0
What is -4 - -1 - -8 - 2 - -2?
5
Calculate -2 + (-7 - -17) - 9.
-1
4 + (3 - (8 + -10 + 7))
2
-2 + 5 + 5 - 6 - 1
1
What is 1 + -3 - -11 - (33 - 29)?
5
What is the value of (1 - 3) + (5 - 9 - -4)?
-2
-2 + (-2 - 0) + 4
0
What is the value of (9 - (14 - 5)) + 6?
6
Evaluate 2 - 3 - (-4 + (4 - 1)).
0
What is 2 + -5 + 10 + -3?
4
What is the value of 1 - (1 + -2 - -2)?
0
1 - (-6 - -5) - -4
6
What is the value of 15 + (7 + 4 - 15)?
11
-4 + (9 - (4 + -3))
4
12 + -25 + 13 + (2 - 1)
1
What is the value of (-66 - -62) + (-1 - (0 - 6))?
1
-2 - (4 - 3) - -3 - -5
5
-2 + 18 + (-11 - -2)
7
Calculate 1 + 4 - (1 + 11 + 3).
-10
What is the value of (4 - 1 - 0 - 8) + 0?
-5
What is 5 - 8 - -4 - (-8 - -3)?
6
Calculate -4 - -3 - (5 + -4) - -4.
2
Evaluate (5 - 4) + 7 + -2.
6
What is -1 - ((18 - 23) + 6 + 0)?
-2
Evaluate 7 - 8 - (-2 + 4 + -1).
-2
Calculate 1 - (-6 + -1 + 5).
3
(26 - 17) + (1 - 5)
5
Evaluate 5 + -6 - -11 - (-3 + 6).
7
What is the value of 4 + 0 + -10 + 1 + 5?
0
What is the value of 4 + -2 + 1 + -5?
-2
What is -23 + (13 - -1) - -6?
-3
-6 + 23 + (-28 - -14)
3
Calculate -4 + (-1 - 1 - -4) + 1.
-1
Calculate 4 + 6 + (8 - 14 - 0).
4
-7 + 3 + (4 - (-3 - -2))
1
What is the value of (-5 - -2) + 5 + -1 + 4?
5
Evaluate (67 - 62) + (-12 - -1).
-6
Calculate 1 - -1 - (2 - 9 - -10).
-1
Evaluate (4 - 0) + (-2 - 1 - 1).
0
What is the value of (-7 - -3) + 4 + 1 + -3?
-2
0 + (-4 - (3 - 2)) + 7
2
Calculate 6 - ((6 - -2) + 3 + 1).
-6
What is (1 - 3) + (18 - 19)?
-3
What is the value of (10 - 15) + -4 - -10?
1
Calculate 4 + 4 - (2 - -1).
5
Evaluate 4 - (-2 + 0 + 0 - -3).
3
What is the value of 7 + 14 + -12 - 1?
8
What is 5 - 5 - (4 + (-5 - -3))?
-2
Evaluate 0 + -1 - (13 - 4 - 4).
-6
What is the value of 7 - -2 - 1 - 5?
3
What is the value of 0 - (9 + (-3 - 3))?
-3
What is the value of 9 - (0 + (2 - 0 - -4))?
3
Evaluate -18 + 5 - (14 - 20).
-7
What is 8 - (4 + 6) - (4 - 1)?
-5
What is 8 + -18 + 2 + 0?
-8
-7 - (10 + 5 + -14)
-8
What is -1 - (2 + -1) - -4?
2
What is (-5 - (0 - 2)) + (5 - 2)?
0
Calculate -5 + (-3 - -9 - 3).
-2
Calculate 1 - -1 - (-1 + 0).
3
What is 8 + (-8 - (-5 + -1 - -5))?
1
What is the value of (-3 - -2) + 5 + -1 + -4?
-1
Evaluate 6 + (-11 - -1) - 5.
-9
What is the value of (1 - (1 - -4)) + -1 + 5?
0
What is (3 + -6 - -6) + (-2 - -3)?
4
Calculate (4 - (8 + -5)) + -2 + 0.
-1
3 + -5 - (2 + -5)
1
-1 + (2 - (2 - -1)) - -10
8
What is (-15 - (6 - 14)) + (5 - 0)?
-2
What is the value of 5 + 7 + -12 + 1 + -5?
-4
Evaluate 5 + 4 - (16 - 7).
0
1 + 1 + -11 - (0 + -1)
-8
Evaluate (16 - 11) + 0 + -2.
3
What is (-6 - -1) + (-3 - (-5 - -3))?
-6
Evaluate (81 - 89) + (15 - 2).
5
11 + (13 - (3 + 27))
-6
What is the value of (6 - 4 - (-2 - -1)) + -5?
-2
Evaluate -2 + -4 + 5 + -2 + -4.
-7
Calculate -6 - 6 - (1 + 0 + -7).
-6
What is (8 - 9) + 3 + 0 + 2?
4
(36 - 28) + (3 - (-3 - -9))
5
What is -9 - -12 - -1 - 0?
4
Evaluate (3 + -1 - 1) + 2.
3
Evaluate -11 + 2 + (-11 - (9 - 20)).
-9
Evaluate 70 + -62 - (7 - 0).
1
(0 - (6 - 3) - 3) + 9
3
Evaluate (-26 + 8 - -7) + 3 + -1.
-9
Evaluate -22 - -29 - (8 - 1).
0
Calculate 5 - ((0 - (-6 - -4)) + -2).
5
What is the value of (1 - 2) + 6 + (10 - 14)?
1
What is the value of (-3 - 7) + -20 + 21?
-9
Calculate 6 + -10 + 4 + -1.
-1
What is the value of -5 - (2 + -4 - -1) - 1?
-5
Calculate 2 + 4 + (0 - 4) + 2.
4
What is 15 + -19 + (-6 - -4)?
-6
Calculate 4 + (-3 + -2 - -6).
5
What is the value of (9 - 24) + 8 + 0?
-7
What is -6 - ((-2 - -11) + -12)?
-3
What is (-1 + -4 - -4) + (-5 - -1)?
-5
Calculate -7 + (18 - (-11 - -18)).
4
-3 - -4 - -2 - 6 - -1
-2
1 - -1 - (4 - 3 - 1)
2
Evaluate 13 + -12 - (0 - 0).
1
What is the value of 19 - 25 - (4 - (7 + -2))?
-5
What is the value of 3 + -7 + (26 - 16)?
6
Calculate 2 + -4 + 4 + -7 + 4.
-1
Evaluate 3 + (4 - 2) + 0.
5
Calculate -1 + -5 - (3 - 6).
-3
Calculate (-2 + -3 - 1) + 6.
0
What is -3 - (-4 + 4) - (-10 + 8)?
-1
What is 8 + -15 + 17 + -18?
-8
Evaluate 2 + -4 + 1 + 0 + -4.
-5
What is the value of 4 - (-1 - 0 - (9 + -13))?
1
What is -16 + (4 - -1) + 6 + 2?
-3
Evaluate -3 - 1 - -3 - (-30 - -23).
6
What is 2 + 0 - (-5 + -1 + 5)?
3
Evaluate -1 + (6 + -3 - 6).
-4
Calculate -8 + (3 - -2 - -1).
-2
What is the value of -17 + 17 - (2 + -4)?
2
What is the value of 8 + -6 - (2 - -7)?
-7
6 + -3 - (-23 + 8 + 9)
9
-5 - (-8 + 4 - 2)
1
What is (0 - -2 - (-1 - -4)) + 6?
5
What is the value of -5 + (7 - 7) + (1 - -9)?
5
-2 + (-7 + 7 - 0)
-2
Evaluate 4 - (4 + 7) - -2.
-5
Evaluate 1 + 0 + (-3 + 2 - -1).
1
Evaluate (-1 - (2 - 0)) + -64 + 71.
4
What is the value of 1 + (-1 - (-2 - -1))?
1
What is -1 + 4 - (-2 + 11 + -2)?
-4
24 + -20 + (-1 - 0) + -1
2
Calculate (7 - 0 - 1) + 5 + -13.
-2
What is the value of 12 + 2 + -13 - (8 - 0)?
-7
(6 + -7 - (-1 + -1)) + 4
5
What is -6 - (-2 + 2) - -5?
-1
Calculate 0 - (5 - (4 + 11) - -7).
3
What is the value of -386 - -381 - (-1 + -1 + 1)?
-4
0 + 2 + 0 + -6 + 2
-2
What is the value of 2 - (-17 + 7) - 